f 764938940?
4
What is the thousands digit of 2460459458?
9
What is the hundred thousands digit of 650753176?
7
What is the hundred millions digit of 304779634?
3
What is the ten millions digit of 1008083103?
0
What is the hundred thousands digit of 2195771?
1
What is the tens digit of 915272740?
4
What is the hundred millions digit of 435962105?
4
What is the units digit of 201849258?
8
What is the hundreds digit of 817793868?
8
What is the tens digit of 68288176?
7
What is the hundred thousands digit of 1389191186?
1
What is the thousands digit of 247635084?
5
What is the millions digit of 260489175?
0
What is the ten millions digit of 1435118017?
3
What is the millions digit of 729971331?
9
What is the units digit of 519249496?
6
What is the millions digit of 124004128?
4
What is the ten millions digit of 50767059?
5
What is the millions digit of 49504420?
9
What is the tens digit of 608780685?
8
What is the hundreds digit of 36957992?
9
What is the thousands digit of 65627619?
7
What is the hundred thousands digit of 396011964?
0
What is the ten thousands digit of 4068181249?
8
What is the thousands digit of 3348424077?
4
What is the millions digit of 1083526866?
3
What is the millions digit of 791694890?
1
What is the hundreds digit of 1297029787?
7
What is the thousands digit of 384760318?
0
What is the tens digit of 94671906?
0
What is the units digit of 139389095?
5
What is the ten millions digit of 53918361?
5
What is the hundred thousands digit of 17404593?
4
What is the hundred millions digit of 357384821?
3
What is the hundreds digit of 45205782?
7
What is the thousands digit of 1124781321?
1
What is the hundred millions digit of 151668722?
1
What is the hundreds digit of 9826906?
9
What is the ten thousands digit of 3811641863?
4
What is the ten millions digit of 10663449?
1
What is the ten millions digit of 827606479?
2
What is the ten thousands digit of 2404914004?
1
What is the ten millions digit of 1254628298?
5
What is the hundreds digit of 2371657251?
2
What is the hundreds digit of 29361725?
7
What is the hundreds digit of 932787873?
8
What is the millions digit of 53001241?
3
What is the thousands digit of 165125374?
5
What is the ten millions digit of 44983534?
4
What is the hundred thousands digit of 136421273?
4
What is the tens digit of 182996232?
3
What is the ten thousands digit of 306213963?
1
What is the units digit of 1693681507?
7
What is the hundreds digit of 2440669738?
7
What is the units digit of 2794753530?
0
What is the millions digit of 37702154?
7
What is the tens digit of 95438759?
5
What is the units digit of 591110591?
1
What is the tens digit of 59677115?
1
What is the hundred millions digit of 356386127?
3
What is the hundred millions digit of 113903888?
1
What is the thousands digit of 38722140?
2
What is the tens digit of 2599898911?
1
What is the ten millions digit of 243045617?
4
What is the tens digit of 83925687?
8
What is the ten thousands digit of 3194552944?
5
What is the ten thousands digit of 294006717?
0
What is the hundreds digit of 93762920?
9
What is the ten millions digit of 945272797?
4
What is the ten thousands digit of 773115820?
1
What is the thousands digit of 252854989?
4
What is the units digit of 19076592?
2
What is the hundred millions digit of 365687725?
3
What is the ten millions digit of 79376250?
7
What is the hundreds digit of 72963102?
1
What is the units digit of 205971421?
1
What is the hundred thousands digit of 4509979625?
9
What is the millions digit of 211005660?
1
What is the hundred thousands digit of 398005310?
0
What is the hundreds digit of 15217145?
1
What is the hundred millions digit of 181039227?
1
What is the hundred millions digit of 375062961?
3
What is the ten thousands digit of 51883171?
8
What is the ten millions digit of 6242346369?
4
What is the thousands digit of 75546999?
6
What is the ten millions digit of 198254921?
9
What is the hundreds digit of 151564988?
9
What is the millions digit of 263675890?
3
What is the tens digit of 2501485987?
8
What is the millions digit of 408955344?
8
What is the hundreds digit of 4730305?
3
What is the hundreds digit of 35443239?
2
What is the units digit of 141656337?
7
What is the ten thousands digit of 152646998?
4
What is the thousands digit of 251233338?
3
What is the hundred thousands digit of 840649046?
6
What is the ten millions digit of 656344016?
5
What is the units digit of 93064229?
9
What is the ten thousands digit of 54538191?
3
What is the ten thousands digit of 41360622?
6
What is the ten millions digit of 6037063652?
3
What is the millions digit of 73531898?
3
What is the units digit of 96382953?
3
What is the ten thousands digit of 221665916?
6
What is the hundreds digit of 85456166?
1
What is the units digit of 1043886735?
5
What is the hundred thousands digit of 143702951?
7
What is the hundred thousands digit of 108481448?
4
What is the tens digit of 53695448?
4
What is the millions digit of 5190693?
5
What is the units digit of 427374?
4
What is the ten millions digit of 1656433034?
5
What is the ten thousands digit of 5754089?
5
What is the ten millions digit of 363568010?
6
What is the ten millions digit of 321734708?
2
What is the thousands digit of 21077839?
7
What is the millions digit of 185484061?
5
What is the hundreds digit of 302970101?
1
What is the tens digit of 1655108495?
9
What is the ten millions digit of 74040744?
7
What is the thousands digit of 118439307?
9
What is the thousands digit of 112669518?
9
What is the ten millions digit of 1085249580?
8
What is the ten millions digit of 1159970050?
5
What is the hundred thousands digit of 86121610?
1
What is the thousands digit of 1558558083?
8
What is the thousands digit of 75241747?
1
What is the ten millions digit of 20450370?
2
What is the tens digit of 66257787?
8
What is the ten millions digit of 24076563?
2
What is the units digit of 476338113?
3
What is the thousands digit of 230783132?
3
What is the ten thousands digit of 22332251?
3
What is the units digit of 194544598?
8
What is the hundreds digit of 60917638?
6
What is the hundreds digit of 28166500?
5
What is the hundred thousands digit of 395245327?
2
What is the hundreds digit of 284382040?
0
What is the ten millions digit of 32118727?
3
What is the tens digit of 19525000?
0
What is the tens digit of 29831954?
5
What is the hundred thousands digit of 197357736?
3
What is the hundreds digit of 2208833194?
1
What is the thousands digit of 658817135?
7
What is the hundred thousands digit of 49820849?
8
What is the ten thousands digit of 51002233?
0
What is the hundred millions digit of 298673975?
2
What is the hundred thousands digit of 47055637?
0
What is the ten millions digit of 4913012115?
1
What is the units digit of 4404789028?
8
What is the billions digit of 1355739184?
1
What is the hundred thousands digit of 996750367?
7
What is the tens digit of 133105440?
4
What is the hundred millions digit of 4644286483?
6
What is the thousands digit of 996246201?
6
What is the tens digit of 33599102?
0
What is the millions digit of 50228337?
0
What is the hundred millions digit of 150637969?
1
What is the ten thousands digit of 3443708905?
0
What is the ten thousands digit of 186271892?
7
What is the ten millions digit of 799899287?
9
What is the hundreds digit of 328239994?
9
What is the units digit of 42224755?
5
What is the hundred millions digit of 132718762?
1
What is the hundreds digit of 1373721497?
4
What is the units digit of 73901374?
4
What is the units digit of 4004177082?
2
What is the ten thousands digit of 9725314065?
1
What is the millions digit of 166598257?
6
What is the hundreds digit of 74330831?
8
What is the units digit of 112457659?
9
What is the hundred millions digit of 1446030770?
4
What is the billions digit of 3897667600?
3
What is the hundred thousands digit of 1249824721?
8
What is the thousands digit of 8823616?
3
What is the units digit of 2673873175?
5
What is the hundred millions digit of 579689912?
5
What is the hundred thousands digit of 2351127759?
1
What is the thousands digit of 120824694?
4
What is the hundred thousands digit of 234782342?
7
What is the hundreds digit of 31387933?
9
What is the ten thousands digit of 15793